((-1)/h)?
8
Suppose -3*i + 8*z = 6*z - 431, 0 = 5*i + 4*z - 711. Suppose 2*d + 4*o = 7*d - i, 0 = -3*o + 9. What is the tens digit of d?
3
Suppose -4*d - 4*d = 3*d. Suppose -j - 6*j + 455 = d. What is the units digit of j?
5
Let k be -2 + -31*(-3 + 11). Let t = -177 - k. What is the tens digit of t?
7
Let u = 13 - 10. Suppose 2*a = f + 52, -140 = -u*f + 6*f - 2*a. What is the tens digit of (f/(-6))/(2/6)?
2
Suppose 2*n - 7 = -3*o, n - 22 = -3*n + 2*o. What is the units digit of n?
5
Let a(n) be the second derivative of -n**5/20 + 7*n**4/12 + n**3/3 - 13*n**2/2 + 7*n. What is the tens digit of a(6)?
3
Let j be (-1 - -412) + 92/23. Suppose 13*k - j = 8*k. What is the tens digit of k?
8
Let t = 23 + -18. Suppose 3*z = 9, t*z - 19 = -v + 23. Suppose 3*c - v = -0*c. What is the units digit of c?
9
Let s = -4 - -11. Suppose -2*i = -s*i + 100. Suppose 5*p + 19 = 3*t + 54, -3*p = -2*t - i. What is the tens digit of p?
1
Let p(v) = -97*v + 298. What is the hundreds digit of p(-21)?
3
Let s be (354/9)/(1/3*1). Let d = s - 78. What is the units digit of d?
0
Suppose 0 = 5*i - 2 - 13. Suppose -3*u + n - 6 = 2, u = i*n - 8. Let q = 6 - u. What is the units digit of q?
8
Suppose -3*m + 7 = -8. Suppose 0 = -m*r + 13 + 12. Suppose r*q - 58 - 62 = 0. What is the units digit of q?
4
Suppose 5*w - f + 308 - 1390 = 0, w = f + 218. What is the tens digit of w?
1
Let f(d) = -d**3 + 6*d**2 - d + 6. Suppose 0 = 5*b - b - 28. Let s be f(b). What is the tens digit of (s/(-8))/(18/72)?
2
Let c = 80 - 77. Suppose c*f + 618 = 3*s, f - 6*f = 10. What is the hundreds digit of s?
2
Suppose 18 = 3*c - 12. Suppose b + 1 = 3*w, -41 = -5*b - 3*w - c. Let s(x) = -x**3 + 7*x**2 - 5*x - 11. What is the tens digit of s(b)?
1
Let i = 427 + 19. What is the tens digit of i?
4
Suppose 4*b + 4*z - 2 = 10, -3*b - 5*z + 5 = 0. Suppose -5*t + t - b*a + 48 = 0, -4*t = 3*a - 56. What is the tens digit of t?
1
Let p = -30 + 32. What is the tens digit of (-3 - -38) + p*2?
3
Let m(c) = 16*c**3 - 4*c**2 - 6*c - 1. Let n be m(-2). Let i = 186 + n. What is the units digit of i?
3
Let b = 94 - 92. Suppose -3*p + 2*i - 404 = -6*p, -268 = -b*p - 2*i. What is the hundreds digit of p?
1
Suppose -l - 17 = -43. Suppose 29*v - 597 = l*v. What is the tens digit of v?
9
Let t be (-68)/442 + (-1 - (-63)/(-13)). Let b(k) = 2*k**2 - 18*k - 58. What is the units digit of b(t)?
2
What is the tens digit of 93*(1 + 2 - -2)?
6
Let d be 3/(-5) + 168/30. Suppose 0 = p - 3*q - 36, 0*q + 200 = d*p + 5*q. What is the units digit of p?
9
Let f = -50 + 80. Suppose -4*r + 2 = -2*p, -14*r = -10*r - 3*p - 3. Suppose a + a - f = r. What is the units digit of a?
5
Let t = 8 - 7. Suppose -10 = -5*c - 5*i, 2*c = 5*i + t + 17. Suppose -2*r + c*r - 6 = -z, 9 = r - z. What is the units digit of r?
5
Let y(c) = 3*c**2 - 2*c - 2. Let w be y(-1). Suppose -4*h = -w*h - 23. What is the tens digit of h?
2
Let m(o) = -2*o**2 + 10*o - 8. Let h be m(6). What is the tens digit of 3*(-1 - -4)/((-6)/h)?
3
Let t(a) = -15*a**2 + 3*a - 1. Let d(s) = s. Let o(u) = -4*d(u) + t(u). Let w(l) = l**2. Let b(z) = -o(z) + 4*w(z). What is the units digit of b(-1)?
9
Suppose -k + 96 = -139. Suppose -7*y = -k - 290. What is the units digit of y?
5
Let l(g) = -23*g + 11. What is the units digit of l(-27)?
2
Let z = 399 - 208. Let f = -86 + z. What is the units digit of f?
5
Let d(o) = 31*o - 13. What is the hundreds digit of d(9)?
2
Suppose -4 = 8*j - 9*j. What is the units digit of (j/6)/(4/642)?
7
What is the units digit of ((-17)/(17/(-4)))/(4/3067)?
7
Let g(p) = -72*p + 11. Let n be g(-4). Let o = -181 + n. What is the tens digit of o?
1
Suppose -3*p = h - 26, 2*h + 5 = 2*p - 7. What is the units digit of p/52 - (-3)/(117/3543)?
1
Let s(u) = -2*u**3 - 5*u**2 - 32. Let b be s(-5). Suppose 2*q - 20 = -3*q. Suppose q*t = 39 + b. What is the tens digit of t?
3
What is the units digit of (1 - -1012) + 10 + -2?
1
Suppose 2*p = -4*a + 119 + 31, -3*p + 105 = 3*a. What is the units digit of 24/a - 4/(-10)?
1
Let h(t) = 2*t**2 + 12*t - 4. Let i be h(5). Suppose 4*y = 3*y + i. What is the units digit of y?
6
Let h(b) = 45*b**2 - 2. Let p be h(2). Suppose i - 2*q + p = 0, 2*q = 4*i - q + 737. What is the tens digit of (-1)/(3 + 568/i)?
4
What is the tens digit of -1 - -1 - 18336/(-32)?
7
Let w(d) = 26*d - 70. What is the tens digit of w(13)?
6
Suppose 3*f - 12 = 4*x, -20 = -0*x - 5*x - 5*f. Suppose -2*u - 2*b + 138 = x, -b = -5*b. What is the units digit of u?
9
Let q(o) be the second derivative of -o**4/12 + 23*o**3/6 + 6*o**2 - 19*o. What is the units digit of q(15)?
2
What is the thousands digit of (-10166)/(-8) - ((-207)/36)/23?
1
Let b be 12/15*(-110)/(-4). Suppose 4*h - 5*r - 168 = 0, -4*r - 31 = -h + b. What is the tens digit of h?
3
Suppose -34*u = -2*u - 19360. What is the hundreds digit of u?
6
Suppose -s - 3 - 7 = -2*g, -3*g + 3*s = -9. Let c = 24 - g. What is the tens digit of c?
1
Let w be 40/25*(-15)/(-6). What is the tens digit of (80/(-12))/(w/(-48))?
8
Let m be (-2335)/(-20) - 2/(-8). Suppose -3*f = 5*y - 95, -5*f - 3*y + m = -5*y. What is the units digit of f?
5
Suppose 94*o - 80456 = 5*o. What is the units digit of o?
4
Let j = -533 + 1008. Suppose 31 = 2*o + 2*x - 163, j = 5*o + 3*x. What is the units digit of o?
2
Let h(t) = -14*t - 33. What is the tens digit of h(-6)?
5
Let h(f) = 66*f - 1. Let q be h(3). Suppose 0 = -4*j + q + 223. What is the hundreds digit of j?
1
Let u = 41 - 43. What is the units digit of u/((-3)/(-5)*(-10)/15)?
5
Let b(t) = -t**3 - 11*t**2 + 13*t + 14. Let r be b(-12). Suppose -r*a - 32 = -4*a. What is the units digit of a?
6
Let o = 14 + -12. Suppose -6 = 3*f, -f + 0*f - 2 = -o*n. Suppose 4*k - 26 = -2*c, 4*k = 5*c - n*c + 5. What is the units digit of c?
3
Let i(v) = -1 + 9*v - 5*v + 0 - 9*v. Let m be i(-1). Suppose 0*a + g - 96 = -m*a, -3*g = 0. What is the tens digit of a?
2
Suppose 77*g + 31958 = 115*g. What is the units digit of g?
1
Let h = -204 + 427. Suppose h + 245 = 12*k. What is the tens digit of k?
3
Suppose 5*z + 2*t - 4867 = -0*t, -4*t - 16 = 0. What is the hundreds digit of z?
9
Suppose p + 0 - 1 = -3*a, -4*a = -5*p + 100. Suppose -y = -3*q - 1 + 9, 4*q = p. What is the tens digit of (-1 - -21)*5/y?
2
Suppose f = 562 + 409. Suppose 5*h - f = 289. What is the tens digit of h?
5
Let h(x) = -4*x**2 + 73*x + 11. What is the hundreds digit of h(9)?
3
Let w be (-374)/(-110) + 3/5. Suppose 4*z + 3*b - 104 = 151, w*b = -4*z + 252. What is the tens digit of z?
6
Suppose -7*r + 11 = -3. Suppose -2*i - 8 + 38 = -3*t, -14 = -i + r*t. What is the tens digit of i?
1
Let i(m) = 1. Let l(w) = 73*w - 27. Let n(p) = 3*i(p) - l(p). What is the tens digit of n(-3)?
4
Let u(c) = 7 - 11 + 0 - 19*c. What is the tens digit of u(-5)?
9
Suppose -2*v = 5*o - 9 - 13, -2*o - 2*v = -4. Suppose 2*y - o*y + 8 = 0. Suppose y*i + 152 = 6*i. What is the units digit of i?
8
Let j(i) = 786*i**2 - 7*i - 2. What is the thousands digit of j(-2)?
3
Let o(k) = -8*k**3 + 4*k**2 + k - 19. What is the hundreds digit of o(-3)?
2
Suppose 2*k = 3*a - 19, -2*a + 0*a - 3*k = -17. Let d(c) = -5*c + c**2 - 2*c**2 + 0 - 4 - a*c. What is the units digit of d(-9)?
3
Let b be 2/6 - 6/(-9). What is the units digit of (-31)/(b*1/(-27)*3)?
9
Suppose -2*p = -5*w + 2043, 4*w - 771 - 869 = -4*p. What is the units digit of w?
9
Let n(p) = 47*p**2 - p - 4. Let c be n(2). Let x = -56 + c. What is the units digit of x?
6
Let s be (44/(-5))/(3/15). Let x = 20 - s. What is the units digit of x?
4
Suppose 21*o = 26*o - 835. What is the units digit of o?
7
Let o(l) = 4*l**2 - l + 3. Suppose 38 = 3*d + 8. Let h = d - 12. What is the tens digit of o(h)?
2
Suppose 85*a - 88*a + 2*w = -12278, -4*a - w = -16389. What is the thousands digit of a?
4
Let i(h) = -3*h - 4. Let j be i(12). Let o = -33 - j. Suppose o*k = 4*k + 87. What is the units digit of k?
9
Let x(r) = -r + 13. Let p be x(-8). What is the units digit of ((-150)/(-35))/(3/p)?
0
Suppose -f + 3*j = 17, -4*f - j + 0 = 3. Let o = 0 - f. Suppose -3*v - 77 = -5*z, -o*z + 2*v - 5*v + 14 = 0. What is the tens digit of z?
1
Let c(m) = 264*m + 25. What is the tens digit of c(3)?
1
Let k = -3 + 6. Suppose -l + 97 = -2*d, k*d = 5*l - 181 - 269. What is the units digit of l?
7
Let h = -3 - -9. What is the tens digit of (1 + 1